. Calculate the highest common divisor of 13 and i.
13
Suppose 0 = -5*v - 5*w + 15, 3*v + w = 6*v - 5. Suppose -x + 4 = 1. Calculate the greatest common factor of x and v.
1
Let f be (-3)/(-2)*(-6)/9. Let x be (f - 3)*(-12)/8. Calculate the greatest common factor of 6 and x.
6
Let l(y) = 2*y**2 + 2*y + 6. Let b = 16 + -22. Let i be l(b). Calculate the greatest common divisor of 6 and i.
6
Let o = 4 + -9. Let z be -14*o/((-40)/(-12)). Calculate the greatest common divisor of 189 and z.
21
Suppose 3*h - 2 = 4. Suppose -11 + h = -r. Calculate the highest common factor of 18 and r.
9
Suppose 3*h + 12 = 4*u, 2*h + 5*u = u - 8. Let p be ((-48)/(-14))/(h/56). Let l = p - -67. Calculate the greatest common factor of l and 19.
19
Let k(a) = a**2 - 7*a + 16. Let z be k(7). Calculate the highest common divisor of z and 48.
16
Suppose 2*w + 4*i - 32 = -2*w, 20 = 5*i. Calculate the highest common factor of w and 36.
4
Suppose -3*i + 5*j - 21 = -92, 0 = 2*j - 10. Calculate the greatest common divisor of i and 224.
32
Let r = -1 - -14. Let q be 0/(-4) - 13*-11. What is the highest common divisor of r and q?
13
Suppose -4*h = -2*h - 112. What is the greatest common factor of 7 and h?
7
Let k = 3 + 26. Calculate the greatest common divisor of 319 and k.
29
Suppose -t = -3*s - 19, -2*t + 0*s = 4*s - 88. Let w = -2 + 7. Suppose -3*g + w*g - 34 = 0. What is the highest common divisor of t and g?
17
Let g be (4/16)/(7/364). Calculate the greatest common divisor of g and 39.
13
Let h be (-2)/(-6)*(-48)/(-16). Let v = -7 + 12. What is the highest common divisor of v and h?
1
Suppose 10 = 3*m + 4*q, -2*m + q = 2*m + 12. Let s be m/7 - 920/(-35). Let b = s - 14. Calculate the greatest common divisor of b and 12.
12
Suppose -231 - 185 = -13*a. Calculate the highest common factor of 288 and a.
32
Suppose -2 = -5*n + 8. Suppose -h + 6 = n*h. Suppose -12 + 102 = h*i. Calculate the greatest common factor of i and 18.
9
Let j = 11 - 4. Let x be -4*(-23)/2 - -3. Calculate the greatest common factor of j and x.
7
Let p(w) = 6*w**2 - 3*w + 8. Let g(f) = -5*f**2 + 2*f - 9. Let q(y) = -5*g(y) - 4*p(y). Let o be q(-4). What is the highest common divisor of o and 7?
7
Let b = -33 + 58. Suppose p - b = 3*r, 2*p + 0 = -5*r - 5. Calculate the highest common divisor of p and 30.
10
Let p(l) = 7*l + 2. Let g be p(2). Let j = -6 + g. Suppose -2*y + 0 = -x + 2, -4*y + 16 = 0. Calculate the highest common divisor of x and j.
10
Let i(d) = -d**3 + 11*d**2 + 7*d - 5. Let o be i(11). Calculate the highest common factor of o and 180.
36
Let j = -58 - -75. What is the greatest common divisor of j and 119?
17
Let q(a) = 2*a**2 - 4*a + 15. Let r be q(6). What is the highest common divisor of r and 9?
9
Suppose 2*b - 380 = -8*b. Calculate the highest common factor of b and 190.
38
Let l(t) = 0 - 3 + 2*t - 4 - 3. Let i be l(7). Suppose a + 13 = 2*o, o - 2*a = -i + 12. What is the highest common factor of o and 66?
6
Suppose 0 = 4*b - 63 - 21. Calculate the greatest common divisor of b and 63.
21
Let j be (-1729)/(-52) - (-1)/(-4). Calculate the greatest common divisor of j and 11.
11
Let k be 2*(3 - (-6)/4). What is the greatest common divisor of 99 and k?
9
Let k(x) = 2*x - 6. Let z be k(6). What is the highest common divisor of z and 15?
3
Let r be (-1)/(0 - (-3)/21)*-1. What is the highest common divisor of 49 and r?
7
Let s = -13 + 21. Suppose 7*u = s*u - 40. Let c = 24 + -8. What is the greatest common factor of u and c?
8
Let s = 20 + -10. Let q = 4 - -26. Calculate the greatest common factor of q and s.
10
Suppose -25 = -2*j + 2*t + t, 0 = t - 5. What is the highest common factor of j and 8?
4
Suppose 4*v - 19 = 21. Let o = 13 + -8. Calculate the highest common divisor of o and v.
5
Suppose 0 = 5*z - 10*z + 380. What is the greatest common factor of 38 and z?
38
Let x(k) = k**2 - 5*k - 2. Let j be x(-3). What is the highest common factor of 55 and j?
11
Let s be ((-8)/(-4))/((-1)/(-2)). Let n be (2 - -1)*6/9. Suppose -14 = -s*h + n*h. Calculate the greatest common factor of 14 and h.
7
Let d = 3 - 1. Let x = -411 - -419. Calculate the greatest common divisor of x and d.
2
Let v = 3 - -3. Calculate the highest common factor of 2 and v.
2
Suppose 0 = -c - 2*k + 26, 83 = 5*c + 4*k - 41. Calculate the greatest common divisor of 60 and c.
12
Let x(r) = -r**3 - 9*r**2 + 11*r + 12. Let t be x(-10). Suppose 0 = 2*s - n - 26, 0 = 5*s - t*n - 0*n - 64. Calculate the highest common divisor of s and 60.
12
Suppose 61 + 401 = 6*u. Suppose -3*q + 4*q - 11 = 0. Calculate the greatest common factor of q and u.
11
Suppose -3 - 8 = -c. Let z(t) = t**3 - t**2 - t + 2. Let l be z(0). Suppose -385 = -3*h - l*h. Calculate the highest common factor of c and h.
11
Let z(t) = t - 3. Let y be z(5). Let j be 7/4*18*y. Let x = 153 - 146. Calculate the highest common divisor of j and x.
7
Let k be (-18)/(-12)*(-104)/(-6). Calculate the greatest common factor of 13 and k.
13
Let m(b) = 2*b**2 + 22*b + 2. Let r be m(-12). Calculate the greatest common divisor of r and 182.
26
Suppose -50 = -5*h - 0*h. Let g be h/3 + 4/6. Suppose -50 = -3*x + 3*l - 11, -g*l = 3*x - 11. What is the greatest common divisor of x and 81?
9
Let f be 4 - (-114)/10 - (-4)/(-10). What is the highest common divisor of f and 6?
3
Suppose -4 = -2*a + 3*o, -a - a + 5*o = 4. Let p = 12 + 28. Let u = a + p. Calculate the greatest common divisor of u and 12.
12
Let g = 5 + -3. Suppose 3*t - u = 285, -g*t + 4*u + 276 = t. Suppose -3*n - 23 = -59. Calculate the highest common divisor of n and t.
12
Suppose -3*y = o - 7, -5*y - 10 = -5*o - 35. Suppose -4*a - a = -10. Suppose a*w - 6 = -w. What is the highest common divisor of w and y?
1
Let m be (-1)/(-4) + 286/8. Let j = 4 - 3. Let d be j + 1 + 0 - -22. What is the greatest common factor of d and m?
12
Let u(s) = -s**3 - s**2 + 5*s + 2. Let c be u(-3). Suppose 0*g + 3*g = 0. Suppose c*a - 17 - 3 = g. Calculate the highest common factor of a and 1.
1
Let u = 24 + -9. Suppose 3*a - 4*q - 236 = a, -3*a + 4*q = -356. Calculate the greatest common divisor of a and u.
15
Let p be (1 - -3)*99/12. Suppose -3*x + 6*x = p. Calculate the greatest common factor of x and 22.
11
Let p = 27 + -12. Let q = -72 + 132. What is the greatest common divisor of p and q?
15
Suppose -12*g = -7*g - 150. Calculate the highest common divisor of g and 6.
6
Let l = -130 - -234. Suppose k - 7 = 5*j + 1, 3*k - l = -5*j. Calculate the greatest common divisor of 7 and k.
7
Suppose r + 4*r = 0, 3*q = -5*r + 12. Let j(o) = -o**2 - 13*o - 10. Let m be j(-10). Suppose q*u - 36 = m. What is the highest common factor of u and 154?
14
Suppose 93 = -4*r - 391. Let s = 319 + r. What is the highest common divisor of s and 22?
22
Let i be (-250)/(-9) - (-2)/9. Let m be (-2)/3*(-69)/2. Suppose y - 24 = -2*u, -5*u - m - 8 = -4*y. What is the greatest common factor of y and i?
14
Suppose 5*u + 24 = -2*q, 0 = -5*u + 3*q + 7 - 21. Let s(a) = -6 - a + 3*a**2 - a + 0*a. Let c be s(u). What is the highest common factor of c and 10?
10
Let j(b) = -2*b**3 - 2*b**2 + 2*b + 1. Let p be j(3). Let s be p/(-3) + 6/(-9). Let q = s - 11. Calculate the highest common divisor of 10 and q.
10
Suppose 0 = -5*t + 9*t - 12. Let g be (-2 - -4 - t) + 6. Suppose -p - 15 = -4*w, 2 + 23 = 3*p + 2*w. Calculate the greatest common factor of p and g.
5
Let t be -5*1/(-2 - -3). Let u = t + 7. Suppose 3*z = -u*h + 20 + 7, -4*z = 2*h - 26. What is the greatest common divisor of h and 15?
15
Let p = 21 + -8. Suppose -2*z = -3*z + p. What is the highest common divisor of 26 and z?
13
Suppose 3*h = -i, -h = 3*i - 12 + 4. Let y(z) = -5*z + 6. Let x be y(-3). Calculate the highest common divisor of x and i.
3
Suppose -u + 228 = 4*u - 3*o, -4*o - 32 = -u. What is the highest common divisor of 12 and u?
12
Let x be 1/((2/2)/2). Suppose -x*m + 3*m = 4. Let v be (-12)/4 + (0 - -43). What is the highest common factor of v and m?
4
Let a be 2/(-8) + (-618)/(-8). Let w be -3 + 10 - (1 + -1). Calculate the highest common factor of a and w.
7
Let z(q) = -q**2 - 17*q - 19. Let c be z(-14). What is the greatest common factor of 23 and c?
23
Let w = 33 - 20. What is the greatest common factor of 52 and w?
13
Let f(b) = 3*b**2 - 2*b - 3. Let n be f(-3). Calculate the highest common factor of 21